 of 273235?
False
Is 12231975 a multiple of 483?
True
Is 2870 a factor of 30192400?
True
Is 38 a factor of 75887?
False
Is 36 a factor of 75600?
True
Is 33166 a multiple of 7?
True
Is 12 a factor of 37178?
False
Is 71 a factor of 8555571?
True
Does 226 divide 5636931?
False
Does 8 divide 218826?
False
Is 5530030 a multiple of 6?
False
Does 61 divide 33106?
False
Is 102816 a multiple of 504?
True
Does 140 divide 140700?
True
Is 16 a factor of 8254270?
False
Is 1041922 a multiple of 50?
False
Is 118 a factor of 6823868?
False
Does 124 divide 290407?
False
Does 13 divide 606186?
False
Does 10 divide 23340?
True
Does 30 divide 279900?
True
Is 908322 a multiple of 198?
False
Is 16 a factor of 2774784?
True
Is 738492 a multiple of 114?
True
Is 43 a factor of 43086?
True
Does 249 divide 417573?
True
Does 42 divide 2412919?
False
Is 4 a factor of 14071?
False
Is 182737 a multiple of 146?
False
Is 586 a factor of 2532856?
False
Is 2 a factor of 1386713?
False
Is 158 a factor of 45820?
True
Does 332 divide 10075040?
False
Is 1177330 a multiple of 770?
True
Is 530 a factor of 187090?
True
Is 5512347 a multiple of 9?
True
Does 65 divide 282953?
False
Does 11 divide 1384351?
False
Is 70 a factor of 91840?
True
Is 2757980 a multiple of 148?
True
Does 1025 divide 2656880?
False
Does 12 divide 840804?
True
Is 114871 a multiple of 6?
False
Is 4 a factor of 4050396?
True
Is 206066 a multiple of 7?
True
Is 11 a factor of 2985796?
True
Does 9 divide 303136?
False
Is 194766 a multiple of 286?
True
Does 15 divide 70335?
True
Is 371455 a multiple of 36?
False
Is 15 a factor of 336180?
True
Is 15 a factor of 528835?
False
Is 3 a factor of 261684?
True
Is 3730946 a multiple of 106?
False
Does 126 divide 21139476?
False
Is 466255 a multiple of 100?
False
Is 476192 a multiple of 92?
True
Is 10 a factor of 372870?
True
Is 1078220 a multiple of 145?
True
Is 14 a factor of 124362?
True
Does 144 divide 55008?
True
Is 257228 a multiple of 428?
True
Is 32835 a multiple of 5?
True
Is 6623104 even?
True
Does 164 divide 507580?
True
Is 63592 a multiple of 171?
False
Is 437 a factor of 9614?
True
Is 30 a factor of 8092656?
False
Is 821265 a multiple of 55?
False
Is 363 a factor of 2784936?
True
Is 256 a factor of 11773047?
False
Is 14 a factor of 242256?
True
Is 51184 a multiple of 5?
False
Is 60435 a multiple of 153?
True
Is 338197 a multiple of 348?
False
Is 392561 a multiple of 25?
False
Does 258 divide 81786?
True
Does 406 divide 1969100?
True
Is 242 a factor of 1473780?
True
Does 28 divide 44241?
False
Is 1050 a factor of 1304219?
False
Is 26617277 a multiple of 41?
False
Is 43 a factor of 146501?
True
Is 5274743 a multiple of 581?
False
Is 3193008 a multiple of 24?
True
Is 402699 a multiple of 33?
True
Is 132 a factor of 376068?
True
Is 312 a factor of 4281576?
True
Does 76 divide 4096096?
True
Does 66 divide 266801?
False
Does 759 divide 859188?
True
Is 11 a factor of 14481606?
False
Is 53 a factor of 2634794?
False
Does 104 divide 3048?
False
Is 131 a factor of 4641075?
False
Is 356629 a multiple of 34?
False
Does 10 divide 946055?
False
Is 19193 a multiple of 114?
False
Is 30 a factor of 59336?
False
Is 385160 a multiple of 14?
False
Is 614606 a multiple of 3?
False
Does 147 divide 189336?
True
Is 26 a factor of 666920?
False
Does 2 divide 3580?
True
Does 110 divide 68200?
True
Is 2457746 a multiple of 51?
False
Is 16 a factor of 1392523?
False
Is 937117 a multiple of 1032?
False
Is 86 a factor of 714746?
True
Is 11 a factor of 897017?
True
Is 78 a factor of 561366?
True
Is 829332 a multiple of 36?
True
Does 5 divide 1477931?
False
Is 26216 a multiple of 3?
False
Does 40 divide 18982640?
True
Does 35 divide 18529061?
False
Does 291 divide 223488?
True
Is 566 a factor of 269416?
True
Is 7261474 a multiple of 10?
False
Is 26 a factor of 3065088?
True
Is 272 a factor of 1682864?
True
Is 1260506 a multiple of 22?
False
Does 198 divide 791569?
False
Is 20 a factor of 494202?
False
Is 25174 a multiple of 82?
True
Does 812 divide 550788?
False
Does 188 divide 31584?
True
Is 3596657 a multiple of 103?
True
Does 10 divide 356320?
True
Is 5329868 a multiple of 838?
False
Is 21728436 a multiple of 229?
True
Does 62 divide 370760?
True
Is 272 a factor of 113606?
False
Is 4704777 a multiple of 2079?
True
Is 78 a factor of 9282?
True
Is 15022068 a multiple of 146?
False
Is 81 a factor of 3318372?
False
Is 173 a factor of 1951786?
True
Is 125872 a multiple of 16?
True
Is 24 a factor of 938985?
False
Is 12 a factor of 75336?
True
Is 73 a factor of 1116097?
True
Is 564910 a multiple of 17?
True
Does 14 divide 1576302?
True
Does 9 divide 1759889?
False
Does 4 divide 76240?
True
Is 282732 a multiple of 43?
False
Does 37 divide 45806?
True
Is 436590 a multiple of 110?
True
Is 11 a factor of 4468022?
False
Is 84187 a multiple of 4?
False
Is 5 a factor of 70401?
False
Does 136 divide 6738120?
True
Does 124 divide 152033?
False
Is 57 a factor of 437589?
True
Is 24 a factor of 3548064?
True
Is 166434 a multiple of 9?
False
Is 127925 a multiple of 301?
True
Is 237 a factor of 231151?
False
Does 83 divide 514583?
False
Is 13 a factor of 525915?
True
Does 461 divide 120531?
False
Is 567437 a multiple of 13?
True
Does 42 divide 940486?
False
Does 60 divide 6335443?
False
Is 2881601 a multiple of 23?
True
Is 31 a factor of 3094574?
False
Is 416 a factor of 8582810?
False
Is 234104 a multiple of 57?
False
Is 2196491 a multiple of 7?
False
Is 78 a factor of 144430?
False
Is 366738 a multiple of 8?
False
Does 144 divide 575705?
False
Is 7 a factor of 4805947?
False
Is 6134915 a multiple of 1437?
False
Is 534520 a multiple of 161?
True
Is 1327 a factor of 87582?
True
Does 144 divide 2157330?
False
Is 809435 a multiple of 10?
False
Is 288270 a multiple of 90?
True
Is 284320 a multiple of 20?
True
Does 22 divide 1684056?
True
Is 140 a factor of 1586480?
True
Is 1251814 a multiple of 213?
False
Is 30 a factor of 53010?
True
Does 409 divide 282451?
False
Does 19 divide 1532274?
True
Is 32127 a multiple of 2?
False
Does 21 divide 202032?
False
Is 83 a factor of 294235?
True
Is 2882884 a multiple of 196?
False
Does 16 divide 377445?
False
Is 30 a factor of 31271039?
False
Is 13 a factor of 417729?
True
Does 72 divide 746352?
True
Is 106 a factor of 196820?
False
Is 151202 a multiple of 21?
False
Is 764446 a multiple of 146?
False
Is 6940260 a multiple of 180?
True
Is 3 a factor of 213165?
True
Does 5 divide 1463602?
False
Does 488 divide 5307488?
True
Is 300672 a multiple of 48?
True
Does 13 divide 74512?
False
Is 31 a factor of 2415746?
False
Does 64 divide 291136?
True
Does 17 divide 195160?
True
Is 24329980 a multiple of 2248?
False
Is 1606100 a multiple of 5?
True
Is 567 a factor of 839160?
True
Is 1371503 a multiple of 16?
False
Is 263981 a multiple of 537?
False
Is 150 a factor of 48311?
False
Is 950661 a multiple of 8?
False
Is 232452 a multiple of 9?
True
Does 12 divide 8528339?
False
Is 36730 a multiple of 23?
False
Is 10996 a multiple of 92?
False
Is 35 a factor of 774391?
False
Does 21 divide 26334?
True
Is 945402 a multiple of 19?
True
Does 6 divide 52056?
True
Is 399168 a multiple of 432?
True
Does 204 divide 1136688?
True
Is 8 a factor of 1031704?
True
Does 28 divide 745892?
True
Does 3 divide 698?
False
Does 134 divide 689162?
True
Is 157 a factor of 14013157?
False
Is 246598 a multiple of 60?
False
Does 13 divide 216132?
False
Is 73 a factor of 49056?
True
Does 1436 divide 9217684?
True
Is 108 a factor of 4153140?
True
Is 134352 a multiple of 103?
False
Is 1458348 a multiple of 43?
False
Is 6806200 a multiple of 25?
True
Is 799 a factor of 2027063?
True
Is 8579 a multiple of 150?
False
Is 16 a factor of 26806?
False
Does 158 divide 156104?
True
Does 161 divide 183032?
False
Is 23 a factor of 252363?
False
Does 15 divide 53375?
False
Is 20632077 a multiple of 154?
False
Does 9 divide 127257?
False
Is 240259 a multiple of 464?
False
Does 6 divide 965336?
False
Is 7445644 a multiple of 9?
False
Is 1645 a factor of 18970140?
True
Is 368 a factor of 132563?
False
Is 126 a factor of 277869?
False
Is 16914854 a multiple of 11?
True
Is 33 a factor of 484968?
True
Is 16 a factor of 1261?
False
Does 12 divide 805526?
False
Is 68808 a multiple of 12?
True
Does 12 divide 622103?
False
Is 407456 a mul